29, 149, 185821
What are the prime factors of 267862893?
3, 19, 433, 10853
List the prime factors of 26890346.
2, 7, 1920739
What are the prime factors of 127147137?
3, 13, 107, 30469
List the prime factors of 512811040.
2, 5, 7, 53, 163
What are the prime factors of 58415097?
3, 13, 167, 8969
What are the prime factors of 91606867?
11, 599, 13903
List the prime factors of 77472492.
2, 3, 6456041
List the prime factors of 968633484.
2, 3, 7, 13, 619, 1433
List the prime factors of 21795149.
41, 531589
List the prime factors of 171842893.
29, 2287, 2591
List the prime factors of 2203502852.
2, 41, 757, 17749
List the prime factors of 617878829.
79, 929, 8419
What are the prime factors of 351783102?
2, 3, 11, 31, 171937
What are the prime factors of 567462920?
2, 5, 14186573
List the prime factors of 27442210.
2, 5, 71, 38651
What are the prime factors of 37375442?
2, 13, 1437517
What are the prime factors of 632648744?
2, 7, 13, 17, 31, 97
What are the prime factors of 8411745?
3, 5, 560783
What are the prime factors of 49285680?
2, 3, 5, 205357
What are the prime factors of 35198303?
7, 23, 218623
List the prime factors of 357146777.
13, 41, 43, 15583
What are the prime factors of 184280925?
3, 5, 2457079
What are the prime factors of 776460856?
2, 17, 67, 85213
What are the prime factors of 340881083?
47, 83, 87383
What are the prime factors of 70608208?
2, 11, 17, 23599
List the prime factors of 305191744.
2, 11, 13, 33347
What are the prime factors of 1967434897?
41, 131, 366307
List the prime factors of 721627800.
2, 3, 5, 811, 1483
What are the prime factors of 1138536059?
2281, 499139
List the prime factors of 8946663748.
2, 11, 4019, 50593
What are the prime factors of 1058030262?
2, 3, 269, 8093
What are the prime factors of 1163248158?
2, 3, 9467, 20479
What are the prime factors of 2389310?
2, 5, 7, 11, 29, 107
What are the prime factors of 47073444?
2, 3, 11, 227, 1571
What are the prime factors of 2623375923?
3, 7, 19, 47, 139891
What are the prime factors of 416623916?
2, 104155979
List the prime factors of 8060537.
157, 51341
List the prime factors of 1226747428.
2, 306686857
List the prime factors of 2469674334.
2, 3, 31, 2267, 5857
List the prime factors of 3876507134.
2, 1938253567
List the prime factors of 41864032.
2, 7, 26699
What are the prime factors of 283021287?
3, 17, 5549437
What are the prime factors of 249120460?
2, 5, 12456023
What are the prime factors of 51173760?
2, 3, 5, 11, 2423
List the prime factors of 108952986.
2, 3, 18158831
List the prime factors of 256682173.
11, 167, 139729
List the prime factors of 277350499.
3853, 71983
What are the prime factors of 1307846400?
2, 3, 5, 7, 37, 263
What are the prime factors of 50936171?
11, 13, 356197
What are the prime factors of 201183806?
2, 23, 4373561
List the prime factors of 33381799.
11, 3034709
What are the prime factors of 24623710?
2, 5, 313, 7867
List the prime factors of 1919036.
2, 7, 9791
What are the prime factors of 5934076090?
2, 5, 593407609
What are the prime factors of 36883187?
11, 227, 14771
What are the prime factors of 18435304?
2, 43, 53591
List the prime factors of 459199521.
3, 11, 61, 76039
List the prime factors of 3194487.
3, 17, 20879
List the prime factors of 340924598.
2, 7, 2467, 9871
What are the prime factors of 328240316?
2, 997, 82307
List the prime factors of 626967363.
3, 11, 683, 27817
List the prime factors of 42484405.
5, 41, 207241
What are the prime factors of 77869138?
2, 719, 54151
List the prime factors of 41861934.
2, 3, 258407
What are the prime factors of 636763087?
41, 15530807
List the prime factors of 11188888.
2, 1398611
List the prime factors of 29891882.
2, 17, 191, 4603
What are the prime factors of 1193558488?
2, 761, 196051
What are the prime factors of 264274200?
2, 3, 5, 146819
What are the prime factors of 51145156?
2, 113, 113153
List the prime factors of 37166227.
7, 389, 13649
What are the prime factors of 1034803353?
3, 313, 1102027
What are the prime factors of 1285019537?
1285019537
List the prime factors of 1129038029.
7, 691, 233417
What are the prime factors of 2231472939?
3, 53, 14034421
What are the prime factors of 685936330?
2, 5, 47, 1459439
What are the prime factors of 21189320?
2, 5, 197, 2689
What are the prime factors of 117201276?
2, 3, 1085197
What are the prime factors of 72207455?
5, 14441491
List the prime factors of 1143843588.
2, 3, 2591, 12263
What are the prime factors of 1273779526?
2, 151, 4217813
List the prime factors of 1270556283.
3, 37, 3037, 3769
What are the prime factors of 36107820?
2, 3, 5, 7, 28657
What are the prime factors of 3015952022?
2, 1507976011
List the prime factors of 589284458.
2, 7, 42091747
List the prime factors of 367840401.
3, 122613467
What are the prime factors of 1656105977?
37, 577, 77573
List the prime factors of 673185952.
2, 21037061
What are the prime factors of 2346192071?
26921, 87151
List the prime factors of 462956836.
2, 115739209
List the prime factors of 51049519.
3457, 14767
List the prime factors of 338577994.
2, 169288997
What are the prime factors of 104495286?
2, 3, 7, 2487983
List the prime factors of 3984338043.
3, 7, 29, 241, 9049
What are the prime factors of 4529486508?
2, 3, 23, 31, 529393
List the prime factors of 1879805589.
3, 19333, 32411
What are the prime factors of 56193010?
2, 5, 29, 37, 5237
List the prime factors of 32668160.
2, 5, 7, 1823
List the prime factors of 5941533.
3, 13, 11719
What are the prime factors of 61170434?
2, 13, 61, 38569
What are the prime factors of 1101997976?
2, 137749747
List the prime factors of 130905948.
2, 3, 41, 109, 2441
What are the prime factors of 26738512?
2, 23, 113, 643
What are the prime factors of 1087673109?
3, 67, 251, 21559
What are the prime factors of 48985768?
2, 13, 23, 20479
List the prime factors of 149884621.
71, 2111051
What are the prime factors of 1037505224?
2, 7, 709, 3733
List the prime factors of 15913181.
15913181
List the prime factors of 8751198.
2, 3, 1458533
What are the prime factors of 675807799?
675807799
List the prime factors of 148657320.
2, 3, 5, 7, 58991
List the prime factors of 1469356103.
211, 6963773
List the prime factors of 127588200.
2, 3, 5, 337, 631
List the prime factors of 161848181.
11, 14713471
List the prime factors of 109505763.
3, 450641
List the prime factors of 276314756.
2, 69078689
What are the prime factors of 4530462537?
3, 811, 991, 1879
List the prime factors of 19794571.
709, 27919
What are the prime factors of 520902396?
2, 3, 7, 2067073
What are the prime factors of 23933458?
2, 859, 13931
What are the prime factors of 2206753609?
113, 19528793
List the prime factors of 189351299.
189351299
List the prime factors of 60622986.
2, 3, 17, 23, 25841
What are the prime factors of 73965108?
2, 3, 7, 125791
What are the prime factors of 1370857298?
2, 443, 607, 2549
What are the prime factors of 235747034?
2, 117873517
What are the prime factors of 216241857?
3, 13, 1848221
List the prime factors of 157861486.
2, 31, 97, 26249
List the prime factors of 382735169.
5011, 76379
What are the prime factors of 91355901?
3, 7, 13, 334637
List the prime factors of 668102738.
2, 19, 3463, 5077
What are the prime factors of 643486075?
5, 29, 887567
What are the prime factors of 743094528?
2, 3, 11, 87961
What are the prime factors of 76154902?
2, 38077451
List the prime factors of 638337415.
5, 29, 4402327
List the prime factors of 45047828.
2, 7, 727, 2213
List the prime factors of 164329794.
2, 3, 1999, 4567
What are the prime factors of 287762959?
11, 23, 1137403
What are the prime factors of 4813706342?
2, 2406853171
What are the prime factors of 340825000?
2, 5, 13633
List the prime factors of 1206092691.
3, 59, 71, 31991
What are the prime factors of 577589116?
2, 13, 593, 18731
List the prime factors of 2499815538.
2, 3, 11, 12625331
List the prime factors of 461483459.
47, 9818797
What are the prime factors of 1022471136?
2, 3, 859, 4133
What are the prime factors of 202384853?
11, 641, 28703
What are the prime factors of 227268051?
3, 4273, 17729
What are the prime factors of 91046454?
2, 3, 1999, 7591
List the prime factors of 350878730.
2, 5, 35087873
List the prime factors of 11933741.
11933741
List the prime factors